{"id":7706,"date":"2026-02-07T22:46:16","date_gmt":"2026-02-07T21:46:16","guid":{"rendered":"https:\/\/didinjos.com\/?page_id=7706"},"modified":"2026-02-16T16:51:00","modified_gmt":"2026-02-16T15:51:00","slug":"velo-gratuit","status":"publish","type":"page","link":"https:\/\/didinjos.com\/index.php\/velo-gratuit\/","title":{"rendered":"V\u00e9lo gratuit ( 2 roues )"},"content":{"rendered":"\n<h3 class=\"wp-block-heading has-vivid-red-color has-text-color has-link-color has-large-font-size wp-elements-6c04644d2d6f267512e007d27fb5123c\">Mazri Kheir annonce une mesure radicale pour acc\u00e9l\u00e9rer la transition \u00e9cologique :<\/h3>\n\n\n\n<h3 class=\"wp-block-heading\"><\/h3>\n\n\n\n<div class=\"wp-block-columns is-layout-flex wp-container-core-columns-is-layout-9d6595d7 wp-block-columns-is-layout-flex\">\n<div class=\"wp-block-column is-layout-flow wp-block-column-is-layout-flow\"><div class=\"wp-block-image\">\n<figure class=\"aligncenter size-full is-resized\"><img fetchpriority=\"high\" decoding=\"async\" width=\"1024\" height=\"1024\" src=\"https:\/\/didinjos.com\/wp-content\/uploads\/2026\/02\/velo-jaune-noir.png\" alt=\"\" class=\"wp-image-7707\" style=\"width:342px;height:auto\" srcset=\"https:\/\/didinjos.com\/wp-content\/uploads\/2026\/02\/velo-jaune-noir.png 1024w, https:\/\/didinjos.com\/wp-content\/uploads\/2026\/02\/velo-jaune-noir-300x300.png 300w, https:\/\/didinjos.com\/wp-content\/uploads\/2026\/02\/velo-jaune-noir-150x150.png 150w, https:\/\/didinjos.com\/wp-content\/uploads\/2026\/02\/velo-jaune-noir-768x768.png 768w\" sizes=\"(max-width: 1024px) 100vw, 1024px\" \/><\/figure>\n<\/div><\/div>\n\n\n\n<div class=\"wp-block-column is-layout-flow wp-block-column-is-layout-flow\">\n<h2 class=\"wp-block-heading has-vivid-red-color has-text-color has-link-color wp-elements-1bf5e074ac4006aea5806af629479d55\"><strong>Un v\u00e9lo neuf offert \u00e0 chaque famille fran\u00e7aise<\/strong><\/h2>\n\n\n\n<p>Dans un contexte d\u2019urgence climatique et de crise du pouvoir d\u2019achat, <strong>Mazri Kheir<\/strong> d\u00e9voile une initiative audacieuse et inclusive : <strong>offrir un v\u00e9lo neuf \u00e0 chaque foyer fran\u00e7ais<\/strong>. Cette mesure vise \u00e0 rendre la mobilit\u00e9 durable accessible \u00e0 tous, sans condition de revenu ni de localisation.<\/p>\n\n\n\n<blockquote class=\"wp-block-quote is-layout-flow wp-block-quote-is-layout-flow\">\n<p><strong>\u00ab Le v\u00e9lo n\u2019est pas un luxe, c\u2019est un droit. \u00bb \u2014 Mazri Kheir<\/strong><\/p>\n<\/blockquote>\n\n\n\n<p>L\u2019objectif est clair : <strong>r\u00e9duire la d\u00e9pendance \u00e0 la voiture<\/strong>, encourager les d\u00e9placements actifs, et <strong>r\u00e9concilier \u00e9cologie et justice sociale<\/strong>. Le programme pr\u00e9voit la distribution gratuitement de v\u00e9los robustes, adapt\u00e9s aux usages urbains et ruraux.<\/p>\n\n\n\n<p><\/p>\n\n\n\n<h2 class=\"wp-block-heading\"><\/h2>\n\n\n\n<p><\/p>\n<\/div>\n<\/div>\n\n\n\n<h2 class=\"wp-block-heading has-text-align-center has-white-color has-vivid-red-background-color has-text-color has-background has-link-color wp-elements-7d0513823580595af4ce58bc8f411208\">\ud83c\udf0d Pourquoi offrons\u2011nous un v\u00e9lo gratuit ?<\/h2>\n\n\n\n<p><br>Parce que la moiti\u00e9 des salari\u00e9s, <strong>soit 15 millions<\/strong>, parcourt <strong>moins de 9 km pour aller travailler.<\/strong><br>\u00c0 cette distance, la voiture n\u2019est plus une n\u00e9cessit\u00e9\u2026 c\u2019est une habitude co\u00fbteuse, polluante et \u00e9vitable.<br><strong>Alors pourquoi ne pas changer les r\u00e8gles du jeu ?<\/strong><br>En offrant un v\u00e9lo gratuit, nous voulons :<\/p>\n\n\n\n<ul class=\"wp-block-list\">\n<li>aider chaque famille \u00e0 r\u00e9duire ses d\u00e9penses <\/li>\n\n\n\n<li>d\u00e9sengorger les villes,<\/li>\n\n\n\n<li>prot\u00e9ger la plan\u00e8te,<\/li>\n\n\n\n<li>et montrer qu\u2019un trajet court peut devenir un moment simple, sain et agr\u00e9able.<\/li>\n<\/ul>\n\n\n\n<p>Un petit changement dans vos d\u00e9placements peut cr\u00e9er un grand impact collectif.<br>Renoncer \u00e0 la voiture pour <strong>9 km<\/strong>, c\u2019est possible.<br>Avec un v\u00e9lo gratuit, c\u2019est m\u00eame facile. <br><strong>Plus besoin de payer 700\u20ac d&rsquo;assurance pour votre voiture, ou 360\u20ac pour votre abonnement ( Bus\/M\u00e9tro). <\/strong><\/p>\n\n\n\n<h2 class=\"wp-block-heading has-text-align-center has-white-color has-vivid-red-background-color has-text-color has-background has-link-color wp-elements-fe6a99d6bc16755dd1afd77630be573c\"><strong>Conditions:<\/strong><\/h2>\n\n\n\n<p>L\u2019inventeur <strong>MAZRI Kheir<\/strong> offre un seul v\u00e9lo \u00e0 chaque famille Fran\u00e7aise \u2014 un geste exceptionnel et \u00e9cologique.<br>En contrepartie, vous vous engagez \u00e0 :<\/p>\n\n\n\n<ul class=\"wp-block-list\">\n<li>Soutenir ses inventions et amplifier la port\u00e9e de ses projets visionnaires en les faisant d\u00e9couvrir \u00e0 votre entourage.<\/li>\n<\/ul>\n\n\n\n<p><\/p>\n\n\n\n<ul class=\"wp-block-list\">\n<li>Consacrer une minute par jour, pour d\u00e9couvrir ses projets innovants et inventions \u00e0 travers de courtes publicit\u00e9s sur son application (en cours de d\u00e9veloppement). <\/li>\n<\/ul>\n\n\n\n<p class=\"has-text-align-center\"><\/p>\n\n\n\n<h2 class=\"wp-block-heading has-text-align-center has-white-color has-vivid-red-background-color has-text-color has-background has-link-color wp-elements-9ea04983bf814729d606eaa0cceac20f\"><strong>R\u00e9servez ici votre v\u00e9lo gratuitement<\/strong><\/h2>\n\n\n\n<p>Notre ligne d\u2019assemblage sera inaugur\u00e9e \u00e0 Marseille en juin 2026, avec une capacit\u00e9 de production de 5\u202f000 v\u00e9los par mois. \u00c0 cet effet, nous vous invitons \u00e0 r\u00e9server gratuitement et sans engagement votre v\u00e9lo en remplissant ce formulaire :<\/p>\n\n\n<div class=\"wp-block-image\">\n<figure class=\"aligncenter size-full is-resized\"><img decoding=\"async\" width=\"329\" height=\"153\" src=\"https:\/\/didinjos.com\/wp-content\/uploads\/2026\/02\/cliquez-ici-1.jpeg\" alt=\"\" class=\"wp-image-7730\" style=\"width:200px;height:auto\" srcset=\"https:\/\/didinjos.com\/wp-content\/uploads\/2026\/02\/cliquez-ici-1.jpeg 329w, https:\/\/didinjos.com\/wp-content\/uploads\/2026\/02\/cliquez-ici-1-300x140.jpeg 300w\" sizes=\"(max-width: 329px) 100vw, 329px\" \/><\/figure>\n<\/div>\n\n\n<p class=\"has-text-align-center has-vivid-red-color has-text-color has-link-color has-large-font-size wp-elements-fe52d79e2031a0759ed79986caf287a2\"><strong>Pas de piston :<\/strong><br><strong> les premiers inscrits sont les premiers servis.<\/strong><\/p>\n\n\n\n<p>Une fois inscrit, vous rejoignez notre liste d\u2019attente. Nous reviendrons vers vous d\u00e8s l\u2019ouverture de notre micro\u2011usine. Merci pour votre patience et votre confiance.<br><\/p>\n","protected":false},"excerpt":{"rendered":"<p>Mazri Kheir annonce une mesure radicale pour acc\u00e9l\u00e9rer la transition \u00e9cologique : Un v\u00e9lo neuf offert \u00e0 chaque famille fran\u00e7aise Dans un<\/p>\n<p class=\"link-more\"><a class=\"myButt \" href=\"https:\/\/didinjos.com\/index.php\/velo-gratuit\/\">Read More<\/a><\/p>\n","protected":false},"author":1,"featured_media":0,"parent":0,"menu_order":0,"comment_status":"closed","ping_status":"closed","template":"","meta":{"footnotes":""},"class_list":["post-7706","page","type-page","status-publish","hentry"],"_links":{"self":[{"href":"https:\/\/didinjos.com\/index.php\/wp-json\/wp\/v2\/pages\/7706","targetHints":{"allow":["GET"]}}],"collection":[{"href":"https:\/\/didinjos.com\/index.php\/wp-json\/wp\/v2\/pages"}],"about":[{"href":"https:\/\/didinjos.com\/index.php\/wp-json\/wp\/v2\/types\/page"}],"author":[{"embeddable":true,"href":"https:\/\/didinjos.com\/index.php\/wp-json\/wp\/v2\/users\/1"}],"replies":[{"embeddable":true,"href":"https:\/\/didinjos.com\/index.php\/wp-json\/wp\/v2\/comments?post=7706"}],"version-history":[{"count":26,"href":"https:\/\/didinjos.com\/index.php\/wp-json\/wp\/v2\/pages\/7706\/revisions"}],"predecessor-version":[{"id":8232,"href":"https:\/\/didinjos.com\/index.php\/wp-json\/wp\/v2\/pages\/7706\/revisions\/8232"}],"wp:attachment":[{"href":"https:\/\/didinjos.com\/index.php\/wp-json\/wp\/v2\/media?parent=7706"}],"curies":[{"name":"wp","href":"https:\/\/api.w.org\/{rel}","templated":true}]}}

Vélo gratuit ( 2 roues )

<h3 class="wp-block-heading has-vivid-red-color has-text-color has-link-color has-large-font-size wp-elements-6c04644d2d6f267512e007d27fb5123c">Mazri Kheir annonce une mesure radicale pour accélérer la transition écologique :</h3>



<h3 class="wp-block-heading"></h3>



<div class="wp-block-columns is-layout-flex wp-container-core-columns-is-layout-9d6595d7 wp-block-columns-is-layout-flex">
<div class="wp-block-column is-layout-flow wp-block-column-is-layout-flow"><div class="wp-block-image">
<figure class="aligncenter size-full is-resized"><img fetchpriority="high" decoding="async" width="1024" height="1024" src="https://didinjos.com/wp-content/uploads/2026/02/velo-jaune-noir.png" alt="" class="wp-image-7707" style="width:342px;height:auto" srcset="https://didinjos.com/wp-content/uploads/2026/02/velo-jaune-noir.png 1024w, https://didinjos.com/wp-content/uploads/2026/02/velo-jaune-noir-300x300.png 300w, https://didinjos.com/wp-content/uploads/2026/02/velo-jaune-noir-150x150.png 150w, https://didinjos.com/wp-content/uploads/2026/02/velo-jaune-noir-768x768.png 768w" sizes="(max-width: 1024px) 100vw, 1024px" /></figure>
</div></div>



<div class="wp-block-column is-layout-flow wp-block-column-is-layout-flow">
<h2 class="wp-block-heading has-vivid-red-color has-text-color has-link-color wp-elements-1bf5e074ac4006aea5806af629479d55"><strong>Un vélo neuf offert à chaque famille française</strong></h2>



<p>Dans un contexte d’urgence climatique et de crise du pouvoir d’achat, <strong>Mazri Kheir</strong> dévoile une initiative audacieuse et inclusive : <strong>offrir un vélo neuf à chaque foyer français</strong>. Cette mesure vise à rendre la mobilité durable accessible à tous, sans condition de revenu ni de localisation.</p>



<blockquote class="wp-block-quote is-layout-flow wp-block-quote-is-layout-flow">
<p><strong>« Le vélo n’est pas un luxe, c’est un droit. » — Mazri Kheir</strong></p>
</blockquote>



<p>L’objectif est clair : <strong>réduire la dépendance à la voiture</strong>, encourager les déplacements actifs, et <strong>réconcilier écologie et justice sociale</strong>. Le programme prévoit la distribution gratuitement de vélos robustes, adaptés aux usages urbains et ruraux.</p>



<p></p>



<h2 class="wp-block-heading"></h2>



<p></p>
</div>
</div>



<h2 class="wp-block-heading has-text-align-center has-white-color has-vivid-red-background-color has-text-color has-background has-link-color wp-elements-7d0513823580595af4ce58bc8f411208">🌍 Pourquoi offrons‑nous un vélo gratuit ?</h2>



<p><br>Parce que la moitié des salariés, <strong>soit 15 millions</strong>, parcourt <strong>moins de 9 km pour aller travailler.</strong><br>À cette distance, la voiture n’est plus une nécessité… c’est une habitude coûteuse, polluante et évitable.<br><strong>Alors pourquoi ne pas changer les règles du jeu ?</strong><br>En offrant un vélo gratuit, nous voulons :</p>



<ul class="wp-block-list">
<li>aider chaque famille à réduire ses dépenses </li>



<li>désengorger les villes,</li>



<li>protéger la planète,</li>



<li>et montrer qu’un trajet court peut devenir un moment simple, sain et agréable.</li>
</ul>



<p>Un petit changement dans vos déplacements peut créer un grand impact collectif.<br>Renoncer à la voiture pour <strong>9 km</strong>, c’est possible.<br>Avec un vélo gratuit, c’est même facile. <br><strong>Plus besoin de payer 700€ d&rsquo;assurance pour votre voiture, ou 360€ pour votre abonnement ( Bus/Métro). </strong></p>



<h2 class="wp-block-heading has-text-align-center has-white-color has-vivid-red-background-color has-text-color has-background has-link-color wp-elements-fe6a99d6bc16755dd1afd77630be573c"><strong>Conditions:</strong></h2>



<p>L’inventeur <strong>MAZRI Kheir</strong> offre un seul vélo à chaque famille Française — un geste exceptionnel et écologique.<br>En contrepartie, vous vous engagez à :</p>



<ul class="wp-block-list">
<li>Soutenir ses inventions et amplifier la portée de ses projets visionnaires en les faisant découvrir à votre entourage.</li>
</ul>



<p></p>



<ul class="wp-block-list">
<li>Consacrer une minute par jour, pour découvrir ses projets innovants et inventions à travers de courtes publicités sur son application (en cours de développement). </li>
</ul>



<p class="has-text-align-center"></p>



<h2 class="wp-block-heading has-text-align-center has-white-color has-vivid-red-background-color has-text-color has-background has-link-color wp-elements-9ea04983bf814729d606eaa0cceac20f"><strong>Réservez ici votre vélo gratuitement</strong></h2>



<p>Notre ligne d’assemblage sera inaugurée à Marseille en juin 2026, avec une capacité de production de 5 000 vélos par mois. À cet effet, nous vous invitons à réserver gratuitement et sans engagement votre vélo en remplissant ce formulaire :</p>


<div class="wp-block-image">
<figure class="aligncenter size-full is-resized"><img decoding="async" width="329" height="153" src="https://didinjos.com/wp-content/uploads/2026/02/cliquez-ici-1.jpeg" alt="" class="wp-image-7730" style="width:200px;height:auto" srcset="https://didinjos.com/wp-content/uploads/2026/02/cliquez-ici-1.jpeg 329w, https://didinjos.com/wp-content/uploads/2026/02/cliquez-ici-1-300x140.jpeg 300w" sizes="(max-width: 329px) 100vw, 329px" /></figure>
</div>


<p class="has-text-align-center has-vivid-red-color has-text-color has-link-color has-large-font-size wp-elements-fe52d79e2031a0759ed79986caf287a2"><strong>Pas de piston :</strong><br><strong> les premiers inscrits sont les premiers servis.</strong></p>



<p>Une fois inscrit, vous rejoignez notre liste d’attente. Nous reviendrons vers vous dès l’ouverture de notre micro‑usine. Merci pour votre patience et votre confiance.<br></p>

<p>Mazri Kheir annonce une mesure radicale pour accélérer la transition écologique : Un vélo neuf offert à chaque famille française Dans un</p>
<p class="link-more"><a class="myButt " href="https://didinjos.com/index.php/velo-gratuit/">Read More</a></p>
